6. Calculate h(-140).
64
Let t(v) = -v**3 + 138*v**2 + 539*v + 3540. What is t(142)?
-578
Let f(a) = -258*a + 2296. Determine f(8).
232
Let c(r) = 9*r**2 - 2364*r - 59111. Calculate c(-23).
22
Let h(k) = -493570*k + 1480703. What is h(3)?
-7
Let c(n) = -27392*n - 219133. Determine c(-8).
3
Let b(s) = -38*s**2 - 337*s - 262. What is b(-8)?
2
Let k(c) = -7*c**3 + 44*c**2 - 141*c - 4. What is k(4)?
-312
Let f(q) = q**3 + 204*q**2 - 1362*q - 21418. Calculate f(-210).
2
Let g(a) = -a**3 - 385*a**2 + 706*a + 123518. Calculate g(-386).
-2
Let q(a) = 98301*a + 98278. What is q(-1)?
-23
Let p(s) = -381*s - 2342. Give p(-6).
-56
Let r(d) = d**2 + 1728*d - 851196. Determine r(400).
4
Let r(d) = 2*d**2 + 66*d - 9984. What is r(-91)?
572
Let x(r) = r**2 + 4514*r + 4398494. Determine x(-1423).
1
Let z(m) = -44622*m - 223089. Give z(-5).
21
Let h(d) = d**3 + 24*d**2 + 17*d + 1071. Give h(-25).
21
Let j(r) = 529*r - 12937. What is j(25)?
288
Let l(d) = -11567*d**3 + 46253*d**2 + 62*d + 2. Give l(4).
10
Let v(z) = -5*z**3 + 33*z**2 - 15*z + 96. Determine v(7).
-107
Let h(f) = -f**3 - 14*f**2 + 35*f - 180. Calculate h(-16).
-228
Let c(s) = -s**2 - 90*s - 808. Give c(-57).
1073
Let g(p) = -1765*p - 6551. Calculate g(-4).
509
Let t(m) = 12*m**3 + 627*m**2 + 254*m + 12. Calculate t(-52).
-5084
Let x(p) = -25*p + 1846. Give x(99).
-629
Let y(h) = -21*h**2 + 2246*h + 4531. Give y(-2).
-45
Let b(m) = -417*m**2 + 2671*m - 554. What is b(6)?
460
Let j(k) = 1125*k**3 - 13*k**2 - 14*k - 3. Give j(-1).
-1127
Let r(z) = 1526*z - 512736. Determine r(336).
0
Let u(a) = 114*a**2 + 50*a - 14. What is u(-2)?
342
Let z(v) = v**2 - 4904*v - 137371. Determine z(-28).
725
Let w(u) = -45*u**2 + 1076*u - 37. What is w(24)?
-133
Let u(r) = 4954*r - 104235. Determine u(21).
-201
Let d(m) = 6*m**2 - 221*m - 7373. Give d(-29).
4082
Let w(p) = -p**3 + 110*p**2 - 510*p - 1537. Give w(105).
38
Let x(s) = -122982*s - 1352845. Calculate x(-11).
-43
Let j(h) = 6*h**3 + 10*h**2 - 15*h + 62. What is j(-9)?
-3367
Let z(d) = -d**3 + 89*d**2 - 36*d - 666. Calculate z(89).
-3870
Let c(b) = 3*b**2 + 676*b + 35748. Give c(-85).
-37
Let o(s) = -s**3 - 477*s**2 - 5115*s + 5159. Give o(-466).
33
Let n(t) = 60*t**2 + 196*t + 21. Calculate n(-6).
1005
Let l(a) = a**2 + 50*a - 2831. What is l(38)?
513
Let m(x) = -x**2 + 4024*x + 9347455. What is m(-1648)?
-1
Let s(k) = -494*k + 52869. Give s(107).
11
Let b(i) = -i**3 - 10*i**2 + 1352*i + 246. What is b(-42)?
-90
Let h(d) = 60815*d + 121629. Determine h(-2).
-1
Let a(r) = -367*r + 7377. What is a(17)?
1138
Let b(k) = 178*k - 9697. Determine b(50).
-797
Let f(y) = 106*y**2 + 3538*y - 2277. Calculate f(-34).
-33
Let u(z) = 69*z**2 - 29*z - 380. Calculate u(-5).
1490
Let i(q) = 5*q**3 - 4*q**2 + 428*q - 3010. Give i(7).
1505
Let p(u) = 5170*u + 51622. Give p(-10).
-78
Let x(v) = 1656*v - 15589. Give x(9).
-685
Let d(c) = -2*c**3 - 5*c**2 + 109*c + 117. Determine d(-1).
5
Let j(k) = -18*k**3 - 94*k**2 + 6*k + 23. Give j(-5).
-107
Let f(p) = 6*p**2 + 13*p - 51. What is f(4)?
97
Let a(h) = 252*h**3 + 5*h**2 - 199*h - 204. Determine a(-1).
-252
Let d(h) = -12*h**2 + 489*h - 4959. Give d(22).
-9
Let l(h) = 4*h**2 + 62*h - 501. Determine l(-16).
-469
Let z(t) = -72882*t + 510178. What is z(7)?
4
Let c(b) = -5854*b + 2891867. Give c(494).
-9
Let t(n) = -2*n**3 - 2*n**2 + 40771*n. Calculate t(0).
0
Let v(d) = -2*d**3 - 238*d**2 + 230*d - 1196. Determine v(-120).
4
Let p(b) = -b**3 + 67*b**2 - 142*b - 3799. What is p(63)?
3131
Let h(t) = -6*t**3 + 30*t**2 - 132*t + 242. Calculate h(3).
-46
Let x(z) = -5*z**2 + 681*z + 4237. Determine x(142).
119
Let x(l) = l**2 + 5839*l + 652660. What is x(-114)?
10
Let d(h) = h**3 + 363*h**2 + 9385*h + 1650. What is d(-335)?
-25
Let m(j) = 33*j**3 - 4*j**2 - 29*j - 36. Determine m(-2).
-258
Let t(d) = -18751*d - 1087530. Calculate t(-58).
28
Let c(r) = 13*r**2 + 96*r - 1791. What is c(-16)?
1
Let j(q) = -69628*q + 278155. Give j(4).
-357
Let l(v) = -600*v + 95878. Calculate l(161).
-722
Let f(b) = b**3 + 6*b**2 + 53274*b + 319562. Give f(-6).
-82
Let y(f) = 13910*f + 58967. Determine y(-4).
3327
Let n(g) = -g**3 - 55*g**2 - 65*g - 639. Give n(-54).
-45
Let f(u) = -u**2 + 21529*u + 150736. Give f(-7).
-16
Let n(c) = -239*c**2 - 9788*c + 402. Calculate n(-41).
-49
Let l(u) = u**2 - 284*u + 17099. Calculate l(199).
184
Let k(v) = -16*v**2 + 259*v - 469. What is k(15)?
-184
Let h(x) = -7941*x**2 + 166762*x - 19. Calculate h(21).
2
Let x(a) = 5*a**2 - 61*a + 148. Determine x(11).
82
Let x(n) = 19*n**3 - n - 4. Give x(2).
146
Let y(u) = u**3 + 128*u**2 - 21*u + 48768. Give y(-131).
36
Let j(z) = -2*z**3 - 594*z**2 - 8475*z - 4264. What is j(-282)?
-34
Let t(g) = -15*g**3 + 218*g**2 + 87*g + 249. Give t(15).
-21
Let c(i) = -19*i - 168. Give c(8).
-320
Let m(l) = 10086*l - 60071. What is m(6)?
445
Let o(a) = 594*a - 6533. Calculate o(10).
-593
Let f(a) = 15*a**2 - 15857*a - 288103. What is f(1075)?
-3
Let w(r) = -4569*r + 146233. Determine w(32).
25
Let g(q) = -6693*q - 185607. Determine g(-28).
1797
Let q(t) = -46*t + 5205. Determine q(114).
-39
Let i(j) = 12661*j - 645719. Give i(51).
-8
Let w(b) = 44*b**3 + 306*b**2 + 35*b + 3. Calculate w(-7).
-340
Let a(r) = -3652*r + 508. What is a(1)?
-3144
Let t(d) = 181837*d - 6364303. What is t(35)?
-8
Let i(k) = -21*k**2 + 662*k - 1989. Determine i(3).
-192
Let c(q) = -82446*q + 3132951. Determine c(38).
3
Let l(j) = j**3 - 121*j**2 + 3617*j - 689. Give l(53).
0
Let c(x) = x**3 + 90*x**2 + 184*x + 88. Determine c(-88).
-616
Let v(i) = -i**3 + 52*i**2 + 173*i - 3513. Determine v(54).
-3
Let s(i) = 2*i**3 + 21*i**2 - 7584*i - 90573. Give s(-12).
3
Let b(a) = -90*a + 3579. What is b(18)?
1959
Let f(q) = -59652*q - 179254. What is f(-3)?
-298
Let k(q) = 319080*q + 957204. Calculate k(-3).
-36
Let g(z) = -18*z**2 - 187*z - 17. Determine g(-10).
53
Let x(a) = -117*a**2 + 9010*a - 97. What is x(77)?
-20
Let i(t) = -6388*t**2 + 6732952*t + 4. Determine i(1054).
4
Let r(n) = -834*n**2 + 2528*n - 58. Give r(3).
20
Let y(h) = 45*h**2 + 793*h - 845. Give y(1).
-7
Let h(u) = 7*u**3 - 352*u**2 + 84*u + 743. Calculate h(50).
-57
Let g(q) = -15*q - 1302. What is g(-38)?
-732
Let n(k) = -k**3 + 60*k**2 - 890*k - 97. Give n(33).
-64
Let w(o) = 787*o**2 - 131*o - 127. Calculate w(-1).
791
Let a(l) = 389*l**2 - 5318*l - 1783. Give a(14).
9
Let b(m) = 24*m**3 - 149*m**2 + 26*m + 18. Give b(6).
-6
Let y(t) = 75361*t - 7. Give y(0).
-7
Let v(x) = -2*x**2 + 1627*x - 1626. Determine v(1).
-1
Let u(s) = s**3 + 600*s**2 - 7207*s + 83850. What is u(-612)?
6
Let s(x) = x**3 - 83*x**2 - 9247*x - 103982. Give s(-13).
5
Let o(d) = -4*d**2 + 120*d + 810. Give o(38).
-406
Let w(g) = -8*g**2 - 79*g - 260. What is w(-9)?
-197
Let f(w) = 10*w**3 + 371*w**2 + 738*w - 21. What is f(-2)?
-93
Let y(l) = -29392*l + 1028702. Give y(35).
-18
Let z(k) = -253*k - 287. Determine z(-1).
-34
Let s(r) = 11069*r - 641994. Determine s(58).
8
Let a(u) = -u**3 + 22*u**2 + 68*u - 328. Calculate a(21).
1541
Let h(a) = -a**3 - 59*a**2 - 187*a - 280. Calculate h(-56).
784
Let u(d) = 11339*d + 124702. What is u(-11)?
-27
Let s(d) = d**3 + 17*d**2 + 104*d - 5. Determine s(-11).
-423
Let i(p) = -218081*p - 1308507. Calculate i(-6).
-21
Let k(u) = 599*u - 20301. What is k(34)?
65
Let b(g) = g**2 + 365*g - 3767. Give b(10).
-17
Let h(m) = -21*m - 207. Determine h(-8).
-39
Let z(v) = 215964*v - 1943755. Determine z(9).
-79
Let l(a) = 9175*a - 871618. What is l(95)?
7
Let b(n) = n**2 - 12200*n - 1740110. Calculate b(-141).
-29
Let p(z) = 6983*z + 20675. Give p(-3).
-274
Let h(p) = 434*p + 159268. Determine h(-367).
-10
Let b(z) = 311458*z + 934372. Calculate b(-3).
-2
Let u(v) = -2899*v + 1887099. Calculate u(651).
-150
Let z(c) = 23503*c - 188023. Give z(8).
1
Let v(o) = -3*o**2 + 48*o + 465. Give v(-8).
-111
Let f(l) = 17*l**2 - 93*l + 808. Give f(13).
2472
Let p(c) = 2*c**2 - 2646*c - 83944. Determine p(-31).
4
Let j(a) = 1528*a + 5045. What is j(-4)?
-1067
Let n(h) = -10373*h + 10369. Determine n(1).
-4
Let k(v) = -6*v**2 + 1441*v + 5729. Calculate k(-4).
-131
Let d(b) = -12*b**2 + 2003*b - 1833. What is d(166)?
-7
Let j(u) = u**3 - 44*u**2 - 225*u + 1046. Determine j(48).
-538
Let v(y) = 3315*y - 474079. Give v(143).
-34
Let s(b) = -b**2 + 173*b - 6201.